{"id":1130,"date":"2019-01-12T14:35:30","date_gmt":"2019-01-12T14:35:30","guid":{"rendered":"http:\/\/otteveny2.plebania.hu\/?page_id=1130"},"modified":"2022-01-06T07:47:55","modified_gmt":"2022-01-06T07:47:55","slug":"beszamolo-2015","status":"publish","type":"page","link":"https:\/\/otteveny.plebania.hu\/index.php\/karitasz\/beszamolo-2015\/","title":{"rendered":"Besz\u00e1mol\u00f3 a 2015. \u00e9vr\u0151l"},"content":{"rendered":"\n<p>A 2015-\u00f6s \u00e9v els\u0151 fel\u00e9ben k\u00f6z\u00f6s Karit\u00e1sz Csoport j\u00f6tt l\u00e9tre.<\/p>\n\n\n\n<ul><li>A megalakul\u00e1s ut\u00e1n (tan\u00e1csad\u00f3i test\u00fcletek megalakul\u00e1sakor) az els\u0151 f\u0151 teend\u0151k\u00e9nt a Pl\u00e9b\u00e1niai honlapon val\u00f3 megjelen\u00e9st, a felel\u0151s\u00f6ket, azok el\u00e9rhet\u0151s\u00e9geit \u00e9s teend\u0151inket fogalmaztuk meg.<\/li><li> Arculati elemek (log\u00f3nk, levelez\u00e9sek) elk\u00e9sz\u00edt\u00e9se.<\/li><li> Seg\u00edt\u0151 \u00e9s bar\u00e1ti kapcsolat ki\u00e9p\u00edt\u00e9se a Gy\u0151r Egyh\u00e1zmegyei Karit\u00e1sszal. (fizikai seg\u00edts\u00e9g ny\u00fajt\u00e1sa a karit\u00e1sz k\u00f6zpont villanyszerel\u00e9si munk\u00e1iban Kir\u00e1ly P\u00e9ter)<\/li><li> Az Egyh\u00e1zmegyei Karit\u00e1sz ruhaadom\u00e1nyt adott \u00e1t. (ennek sz\u00e9toszt\u00e1s\u00e1ra aj\u00e1nlatokat k\u00e9rtem a telep\u00fcl\u00e9sek karit\u00e1sz felel\u0151seit\u0151l).<\/li><li>2015. m\u00e1jus 26-\u00e1n lev\u00e9lben kerest\u00fck meg a h\u00e1rom telep\u00fcl\u00e9s polg\u00e1rmester\u00e9t a k\u00f6z\u00f6s egy\u00fcttm\u0171k\u00f6d\u00e9si meg\u00e1llapod\u00e1s megk\u00f6t\u00e9se \u00e9rdek\u00e9ben.<\/li><li> Mosonszentmikl\u00f3s \u00d6nkorm\u00e1nyzat\u00e1val 2015. j\u00fanius 16-val megk\u00f6t\u00f6tt\u00fck az egy\u00fcttm\u0171k\u00f6d\u00e9si meg\u00e1llapod\u00e1st.<\/li><li> Kunsziget polg\u00e1rmestere sz\u00f3ban \u00edg\u00e9retet tett a meg\u00e1llapod\u00e1s al\u00e1\u00edr\u00e1s\u00e1ra, de a mai napig sem \u00e9rkezett erre v\u00e1lasz.<\/li><li> \u00d6ttev\u00e9ny polg\u00e1rmestere a mai napig semminem\u0171 v\u00e1laszt sem adott megkeres\u00e9s\u00fcnkre.<\/li><li> Az \u00e9v els\u0151 fel\u00e9ben adom\u00e1nyozott \u00e9lelmiszerek t\u00e9teles \u00e9s mennyis\u00e9gi lelt\u00e1ra, (t\u00f6bb, mint 300 kg k\u00fcl\u00f6nb\u00f6z\u0151 tart\u00f3s \u00e9lelmiszer)<\/li><li>2015. augusztus 3-7-ig Kir\u00e1ly P\u00e9ter r\u00e9szt vett a Katolikus Karit\u00e1sz \u00d6nk\u00e9ntesek t\u00e1bor\u00e1ban Domasz\u00e9ken. Itt megismerkedett az orsz\u00e1gos vezet\u0151kkel, a karit\u00e1szi munka teend\u0151ivel , feladataival, kapcsolatok ki\u00e9p\u00edt\u00e9s\u00e9vel.<\/li><li> \u00c9lelmiszer adom\u00e1ny felaj\u00e1nl\u00e1sa a h\u00e1rom telep\u00fcl\u00e9s r\u00e1szorult lakosainak.<\/li><li> \u00c9lelmiszer adom\u00e1ny csomag kioszt\u00e1sa 2 mosonszentmikl\u00f3si \u00e9s 1 \u00f6ttev\u00e9nyi csal\u00e1dnak<\/li><li> \u00c9lelmiszer adom\u00e1ny elsz\u00e1ll\u00edt\u00e1sa \u00e9s \u00e1tad\u00e1sa 2015. augusztus 12-\u00e9n G\u00f6nc pl\u00e9b\u00e1ni\u00e1ra (sz\u00e1ll\u00edtm\u00e1nyt Kir\u00e1ly P\u00e9ter, Makkos M\u00e1ria vitte el, a sz\u00e1ll\u00edt\u00e1si k\u00f6lts\u00e9gek karit\u00e1szi felaj\u00e1nl\u00e1sb\u00f3l lettek fedezve) a felaj\u00e1nlott \u00e9lelmiszereket a helyi fogyat\u00e9kosokat ell\u00e1t\u00f3 gyermekint\u00e9zm\u00e9ny, illetve G\u00f6nc telep\u00fcl\u00e9s r\u00e1szorult lakoss\u00e1ga k\u00f6z\u00f6tt osztott\u00e1k sz\u00e9t.<\/li><li> \u00d6ttev\u00e9nyi kezdem\u00e9nyez\u00e9sre (L\u00e1szl\u00f3 Ferencn\u00e9) k\u00f6z\u00e9piskol\u00e1soknak K\u00f6z\u00f6ss\u00e9gi Szolg\u00e1lat ell\u00e1t\u00e1s\u00e1ra munkalehet\u0151s\u00e9g ny\u00edlt, melyre 1 f\u0151 jelentkezett \u00e9s ezt a feladatot el is v\u00e9gezte, illetve le is lett igazolva. (beteg, r\u00e1szorult, id\u0151s emberek seg\u00edt\u00e9se).<\/li><li>2015. szeptember 19. megh\u00edv\u00e1st kaptunk a Egyh\u00e1zmegyei Csal\u00e1di Napra (P\u00fcsp\u00f6kv\u00e1r Gy\u0151r). Megh\u00edv\u00e1st tolm\u00e1csoltam minden telep\u00fcl\u00e9s karit\u00e1sz felel\u0151s\u00e9nek. A rendezv\u00e9nyen v\u00e9g\u00fcl Kir\u00e1ly P\u00e9ter vett r\u00e9szt, ahol megismerkedhett\u00fcnk a k\u00f6rny\u00e9k karit\u00e1szosaival, illetve tapasztalatcser\u00e9vel \u00e9s egy kellemes d\u00e9lut\u00e1ni besz\u00e9lget\u00e9ssel gazdagodhattunk<\/li><li>2015. szeptember\u2013okt\u00f3ber h\u00f3napokban gy\u0171jt\u00e9s indult ruhanem\u0171kre (takar\u00f3k, paplanok, h\u00e1l\u00f3zs\u00e1kokra), melyeket 2016. janu\u00e1r els\u0151 napjaiban adjuk \u00e1t a Egyh\u00e1zmegyei Karit\u00e1sznak.<\/li><li>2015. november 20-\u00e1n a Szent II. J\u00e1nos P\u00e1l p\u00e1pa \u00e9nekkar koncertj\u00e9re a Falubusz ig\u00e9nybev\u00e9tel\u00e9vel sz\u00e1ll\u00edt\u00e1s lebonyol\u00edt\u00e1sa (2 fordul\u00f3, 16 f\u0151) \u00d6ttev\u00e9ny-Mosonszentmikl\u00f3s k\u00f6z\u00f6tt (utaztat\u00e1si k\u00f6lts\u00e9gek karit\u00e1szi felaj\u00e1nl\u00e1sb\u00f3l).<\/li><li> Megkeres\u00e9s \u00e9rkezett Abd\u00e1r\u00f3l, hogy az Erd\u00e9lyb\u0151l Szentegyh\u00e1z\u00e1r\u00f3l \u00e9rkez\u0151 Gyermek Filharm\u00f3nia r\u00e9sztvev\u0151it 40 gyermeket csal\u00e1dokn\u00e1l sz\u00e1ll\u00e1soljunk el 2015. december 17-20 k\u00f6z\u00f6tt. Siker\u00fclt ezt megval\u00f3s\u00edtani, k\u00f6sz\u00f6nj\u00fck a 15 csal\u00e1d f\u00e1radoz\u00e1s\u00e1t.<\/li><li>2015. december: tart\u00f3s \u00e9lelmiszer gy\u0171jt\u00e9s (melynek eredm\u00e9nye 180 kg tart\u00f3s \u00e9lelmiszer). Ezen \u00e9lelmiszereket \u00d6ttev\u00e9ny telep\u00fcl\u00e9sen 2015. december 19-\u00e9n, 10 t\u00f6bbgyermekes (3-5 gyermek) \u00e9s 1 r\u00e1szorult id\u0151s csal\u00e1d kapta , illetve Mosonszentmikl\u00f3s telep\u00fcl\u00e9sen 6 csal\u00e1d. Kunszigetr\u0151l nem \u00e9rkezett k\u00e9relem. A maradv\u00e1nyt (liszt, cukor) az Gy\u0151r Egyh\u00e1zmegyei Karit\u00e1sznak adjuk \u00e1t.<\/li><li> \u00d6ttev\u00e9ny K\u00f6zs\u00e9gben 10 csal\u00e1dban osztottunk sz\u00e9t gyermekeknek \u00faj ruhanem\u0171ket (42 db. l\u00e1nyka trik\u00f3k, p\u00f3l\u00f3k).<\/li><\/ul>\n\n\n\n<p><em>\u00d6ttev\u00e9ny, 2015. december 30.<\/em><\/p>\n","protected":false},"excerpt":{"rendered":"<p>A 2015-\u00f6s \u00e9v els\u0151 fel\u00e9ben k\u00f6z\u00f6s Karit\u00e1sz Csoport j\u00f6tt l\u00e9tre.<\/p>\n<li>A megalakul\u00e1s ut\u00e1n (tan\u00e1csad\u00f3i test\u00fcletek megalakul\u00e1sakor) az els\u0151 f\u0151 teend\u0151k\u00e9nt a Pl\u00e9b\u00e1niai honlapon val\u00f3 megjelen\u00e9st, a felel\u0151s\u00f6ket, azok el\u00e9rhet\u0151s\u00e9geit \u00e9s teend\u0151inket fogalmaztuk meg.<\/li>\n<li> Arculati elemek (log\u00f3nk, levelez\u00e9sek) elk\u00e9sz\u00edt\u00e9se.<\/li>\n<li> Seg\u00edt\u0151 \u00e9s bar\u00e1ti kapcsolat ki\u00e9p\u00edt\u00e9se a Gy\u0151r Egyh\u00e1zmegyei Karit\u00e1sszal. (fizikai seg\u00edts\u00e9g ny\u00fajt\u00e1sa a karit\u00e1sz k\u00f6zpont villanyszerel\u00e9si munk\u00e1iban &hellip;\n<p><a class=\"more-link btn\" href=\"https:\/\/otteveny.plebania.hu\/index.php\/karitasz\/beszamolo-2015\/\">Olvass tov\u00e1bb<\/a><\/p>\n<\/li>\n","protected":false},"author":1,"featured_media":0,"parent":1123,"menu_order":2,"comment_status":"closed","ping_status":"closed","template":"","meta":[],"_links":{"self":[{"href":"https:\/\/otteveny.plebania.hu\/index.php\/wp-json\/wp\/v2\/pages\/1130"}],"collection":[{"href":"https:\/\/otteveny.plebania.hu\/index.php\/wp-json\/wp\/v2\/pages"}],"about":[{"href":"https:\/\/otteveny.plebania.hu\/index.php\/wp-json\/wp\/v2\/types\/page"}],"author":[{"embeddable":true,"href":"https:\/\/otteveny.plebania.hu\/index.php\/wp-json\/wp\/v2\/users\/1"}],"replies":[{"embeddable":true,"href":"https:\/\/otteveny.plebania.hu\/index.php\/wp-json\/wp\/v2\/comments?post=1130"}],"version-history":[{"count":2,"href":"https:\/\/otteveny.plebania.hu\/index.php\/wp-json\/wp\/v2\/pages\/1130\/revisions"}],"predecessor-version":[{"id":4350,"href":"https:\/\/otteveny.plebania.hu\/index.php\/wp-json\/wp\/v2\/pages\/1130\/revisions\/4350"}],"up":[{"embeddable":true,"href":"https:\/\/otteveny.plebania.hu\/index.php\/wp-json\/wp\/v2\/pages\/1123"}],"wp:attachment":[{"href":"https:\/\/otteveny.plebania.hu\/index.php\/wp-json\/wp\/v2\/media?parent=1130"}],"curies":[{"name":"wp","href":"https:\/\/api.w.org\/{rel}","templated":true}]}}