{"id":1135,"date":"2019-01-12T14:39:51","date_gmt":"2019-01-12T14:39:51","guid":{"rendered":"http:\/\/otteveny2.plebania.hu\/?page_id=1135"},"modified":"2022-01-06T07:46:36","modified_gmt":"2022-01-06T07:46:36","slug":"beszamolo-2017","status":"publish","type":"page","link":"https:\/\/otteveny.plebania.hu\/index.php\/karitasz\/beszamolo-2017\/","title":{"rendered":"Besz\u00e1mol\u00f3 a 2017. \u00e9vr\u0151l"},"content":{"rendered":"\n<ul><li>2017. \u00e1prilis 10-\u00e9n a h\u00e1rom telep\u00fcl\u00e9s adom\u00e1ny\u00e1b\u00f3l t\u00f6bb mint 300 kg tart\u00f3s \u00e9lelmiszert gy\u0171jt\u00f6tt\u00fcnk \u00f6ssze.<\/li><li>Az \u00e9v folyam\u00e1n seg\u00edtett\u00fck az Egyh\u00e1zmegyei Karit\u00e1sz Gy\u0151r Kand\u00f3 K\u00e1lm\u00e1n utcai \u00e9p\u00fclet\u00e9nek villanyszerel\u00e9si munk\u00e1latait.<\/li><li>2017. \u00e1prilis 12-\u00e9n az Egyh\u00e1zmegyei Karit\u00e1sznak adtunk \u00e1t t\u00f6bb mint 100 kg tart\u00f3s \u00e9lelmiszert.<\/li><li>2017 \u00e1prilis\u00e1ban kiosztottunk 200 kg tart\u00f3st \u00e9lelmiszert: 7 mosonszentmikl\u00f3si, 3 kunszigeti, 11 \u00f6ttev\u00e9nyi csal\u00e1dnak.<\/li><li>2017. m\u00e1jus h\u00f3napban \u00faj ruhanem\u0171ket adtunk \u00e1t az \u00f6ttev\u00e9nyi Szoci\u00e1lis \u00e9s Gyermekj\u00f3l\u00e9ti Alapszolg\u00e1ltat\u00e1si K\u00f6zpontnak.<\/li><li>T\u00e1mogat\u00e1st kaptunk Erzs\u00e9bet utalv\u00e1ny form\u00e1j\u00e1ban (Egyh\u00e1zmegyei Karit\u00e1sz) a ny\u00e1ri hittant\u00e1borban r\u00e9sztvev\u0151 gyermekeknek.<\/li><li>2017 augusztus\u00e1ban 5 \u00f6ttev\u00e9nyi csal\u00e1dot seg\u00edtett\u00fcnk iskolakezd\u00e9si t\u00e1mogat\u00e1ssal 5-5 eFt-os Erzs\u00e9bet utalv\u00e1nyok \u00e1tad\u00e1s\u00e1val. (Egyh\u00e1zmegyei Karit\u00e1sz seg\u00edts\u00e9g\u00e9vel).<\/li><li>2017 december\u00e9ben 6 \u00f6ttev\u00e9nyi csal\u00e1d kapott kar\u00e1csonyi \u00e9dess\u00e9gcsomagot 3000-3000 Ft \u00e9rt\u00e9kben.<\/li><\/ul>\n","protected":false},"excerpt":{"rendered":"<li>2017. \u00e1prilis 10-\u00e9n a h\u00e1rom telep\u00fcl\u00e9s adom\u00e1ny\u00e1b\u00f3l t\u00f6bb mint 300 kg tart\u00f3s \u00e9lelmiszert gy\u0171jt\u00f6tt\u00fcnk \u00f6ssze.<\/li>\n<li>Az \u00e9v folyam\u00e1n seg\u00edtett\u00fck az Egyh\u00e1zmegyei Karit\u00e1sz Gy\u0151r Kand\u00f3 K\u00e1lm\u00e1n utcai \u00e9p\u00fclet\u00e9nek villanyszerel\u00e9si munk\u00e1latait.<\/li>\n<li>2017. \u00e1prilis 12-\u00e9n az Egyh\u00e1zmegyei Karit\u00e1sznak adtunk \u00e1t t\u00f6bb mint 100 kg tart\u00f3s \u00e9lelmiszert.<\/li>\n<li>2017 \u00e1prilis\u00e1ban kiosztottunk 200 kg tart\u00f3st \u00e9lelmiszert: 7 mosonszentmikl\u00f3si, 3 kunszigeti, 11 \u00f6ttev\u00e9nyi csal\u00e1dnak.<\/li>\n<li>2017. m\u00e1jus &hellip;\n<p><a class=\"more-link btn\" href=\"https:\/\/otteveny.plebania.hu\/index.php\/karitasz\/beszamolo-2017\/\">Olvass tov\u00e1bb<\/a><\/p>\n<\/li>\n","protected":false},"author":1,"featured_media":0,"parent":1123,"menu_order":4,"comment_status":"closed","ping_status":"closed","template":"","meta":[],"_links":{"self":[{"href":"https:\/\/otteveny.plebania.hu\/index.php\/wp-json\/wp\/v2\/pages\/1135"}],"collection":[{"href":"https:\/\/otteveny.plebania.hu\/index.php\/wp-json\/wp\/v2\/pages"}],"about":[{"href":"https:\/\/otteveny.plebania.hu\/index.php\/wp-json\/wp\/v2\/types\/page"}],"author":[{"embeddable":true,"href":"https:\/\/otteveny.plebania.hu\/index.php\/wp-json\/wp\/v2\/users\/1"}],"replies":[{"embeddable":true,"href":"https:\/\/otteveny.plebania.hu\/index.php\/wp-json\/wp\/v2\/comments?post=1135"}],"version-history":[{"count":2,"href":"https:\/\/otteveny.plebania.hu\/index.php\/wp-json\/wp\/v2\/pages\/1135\/revisions"}],"predecessor-version":[{"id":4348,"href":"https:\/\/otteveny.plebania.hu\/index.php\/wp-json\/wp\/v2\/pages\/1135\/revisions\/4348"}],"up":[{"embeddable":true,"href":"https:\/\/otteveny.plebania.hu\/index.php\/wp-json\/wp\/v2\/pages\/1123"}],"wp:attachment":[{"href":"https:\/\/otteveny.plebania.hu\/index.php\/wp-json\/wp\/v2\/media?parent=1135"}],"curies":[{"name":"wp","href":"https:\/\/api.w.org\/{rel}","templated":true}]}}