{"id":1625,"date":"2019-07-01T12:50:49","date_gmt":"2019-07-01T12:50:49","guid":{"rendered":"http:\/\/otteveny2.plebania.hu\/?page_id=1625"},"modified":"2023-08-06T19:12:57","modified_gmt":"2023-08-06T19:12:57","slug":"kapcsolat","status":"publish","type":"page","link":"https:\/\/otteveny.plebania.hu\/index.php\/kapcsolat\/","title":{"rendered":"Kapcsolat"},"content":{"rendered":"\n<p>Hivatali \u00fcgyint\u00e9z\u00e9sre az \u00f6ttev\u00e9nyi pl\u00e9b\u00e1ni\u00e1n, illetve a szentmis\u00e9ket k\u00f6vet\u0151en van lehet\u0151s\u00e9g!<br>K\u00f6sz\u00f6nj\u00fck sz\u00edves meg\u00e9rt\u00e9s\u00fcket!<\/p>\n\n\n\n<h4><strong>\u00d6ttev\u00e9nyi pl\u00e9b\u00e1nia<\/strong><\/h4>\n\n\n\n<p><strong>Pl\u00e9b\u00e1nos<\/strong>: <\/p>\n\n\n\n<p>Varga Bal\u00e1zs (2022. augusztus 1-t\u0151l)<br>30\/546-9411<br>e-mail: revbvarga@gmail.com<\/p>\n\n\n\n<p>Pl\u00e9b\u00e1nia Hivatal:<br>96\/485-062<br>9153 \u00d6ttev\u00e9ny, F\u0151 u. 120. <br><br>Sekresty\u00e9s: <br>L\u00e1szl\u00f3 Ferenc<br>30\/6092-427<br><br>Esk\u00fcv\u0151i \u00e9s templom-d\u00edsz\u00edt\u00e9ssel kapcsolatban:<br>B\u0151sz\u00e9n\u00e9 Heged\u0171s Erzs\u00e9bet &#8211; vir\u00e1gk\u00f6t\u0151<br>20\/227-96-21<\/p>\n\n\n\n<h4>Abdai pl\u00e9b\u00e1nia<\/h4>\n\n\n\n<p><strong>Hal\u00e1leset, temet\u00e9s, kiharangoz\u00e1s \u00fcgy\u00e9ben k\u00e9rem, hogy a k\u00f6vetkez\u0151 el\u00e9rhet\u0151s\u00e9gek valamelyik\u00e9t keress\u00e9k<\/strong>:<\/p>\n\n\n\n<p>Pint\u00e9r Istv\u00e1nn\u00e9 sekresty\u00e9s                              tel.: 20\/484-8049<br>Kulcs\u00e1r G\u00e1born\u00e9 pl\u00e9b\u00e1niai irodai munkat\u00e1rs  tel.: 20\/424-3330<\/p>\n\n\n\n<p>M\u00e1s szem\u00e9ly a pl\u00e9b\u00e1niai \u00fcgyint\u00e9z\u00e9sben nem j\u00e1rhat el!<\/p>\n","protected":false},"excerpt":{"rendered":"<p>Hivatali \u00fcgyint\u00e9z\u00e9sre az \u00f6ttev\u00e9nyi pl\u00e9b\u00e1ni\u00e1n, illetve a szentmis\u00e9ket k\u00f6vet\u0151en van lehet\u0151s\u00e9g!<br \/>K\u00f6sz\u00f6nj\u00fck sz\u00edves meg\u00e9rt\u00e9s\u00fcket!<\/p>\n<h4><strong>\u00d6ttev\u00e9nyi pl\u00e9b\u00e1nia<\/strong><\/h4>\n<p><strong>Pl\u00e9b\u00e1nos<\/strong>: <\/p>\n<p>Varga Bal\u00e1zs (2022. augusztus 1-t\u0151l)<br \/>30\/546-9411<br \/>e-mail: revbvarga@gmail.com<\/p>\n<p>Pl\u00e9b\u00e1nia Hivatal:<br \/>96\/485-062<br \/>9153 \u00d6ttev\u00e9ny, F\u0151 u. 120. <\/p>\n<p>Sekresty\u00e9s: <br \/>L\u00e1szl\u00f3 Ferenc<br \/>30\/6092-427<\/p>\n<p>Esk\u00fcv\u0151i \u00e9s templom-d\u00edsz\u00edt\u00e9ssel kapcsolatban:<br \/>B\u0151sz\u00e9n\u00e9 Heged\u0171s Erzs\u00e9bet &#8211; vir\u00e1gk\u00f6t\u0151<br \/>20\/227-96-21<\/p>\n<h4>Abdai pl\u00e9b\u00e1nia<\/h4>\n<p><strong>Hal\u00e1leset, temet\u00e9s, kiharangoz\u00e1s \u00fcgy\u00e9ben k\u00e9rem, hogy a k\u00f6vetkez\u0151 el\u00e9rhet\u0151s\u00e9gek valamelyik\u00e9t keress\u00e9k<\/strong>:<\/p>\n<p>Pint\u00e9r Istv\u00e1nn\u00e9 sekresty\u00e9s &hellip; <\/p>\n<p><a class=\"more-link btn\" href=\"https:\/\/otteveny.plebania.hu\/index.php\/kapcsolat\/\">Olvass tov\u00e1bb<\/a><\/p>\n","protected":false},"author":1,"featured_media":0,"parent":0,"menu_order":0,"comment_status":"closed","ping_status":"closed","template":"","meta":[],"_links":{"self":[{"href":"https:\/\/otteveny.plebania.hu\/index.php\/wp-json\/wp\/v2\/pages\/1625"}],"collection":[{"href":"https:\/\/otteveny.plebania.hu\/index.php\/wp-json\/wp\/v2\/pages"}],"about":[{"href":"https:\/\/otteveny.plebania.hu\/index.php\/wp-json\/wp\/v2\/types\/page"}],"author":[{"embeddable":true,"href":"https:\/\/otteveny.plebania.hu\/index.php\/wp-json\/wp\/v2\/users\/1"}],"replies":[{"embeddable":true,"href":"https:\/\/otteveny.plebania.hu\/index.php\/wp-json\/wp\/v2\/comments?post=1625"}],"version-history":[{"count":10,"href":"https:\/\/otteveny.plebania.hu\/index.php\/wp-json\/wp\/v2\/pages\/1625\/revisions"}],"predecessor-version":[{"id":5765,"href":"https:\/\/otteveny.plebania.hu\/index.php\/wp-json\/wp\/v2\/pages\/1625\/revisions\/5765"}],"wp:attachment":[{"href":"https:\/\/otteveny.plebania.hu\/index.php\/wp-json\/wp\/v2\/media?parent=1625"}],"curies":[{"name":"wp","href":"https:\/\/api.w.org\/{rel}","templated":true}]}}