{"id":5474,"date":"2023-01-06T14:28:44","date_gmt":"2023-01-06T14:28:44","guid":{"rendered":"http:\/\/otteveny2.plebania.hu\/?page_id=5474"},"modified":"2023-01-06T14:35:13","modified_gmt":"2023-01-06T14:35:13","slug":"beszamolo-a-2022-evrol","status":"publish","type":"page","link":"https:\/\/otteveny.plebania.hu\/index.php\/karitasz\/beszamolo-a-2022-evrol\/","title":{"rendered":"Besz\u00e1mol\u00f3 a 2022. \u00e9vr\u0151l"},"content":{"rendered":"\n<ul><li>2022. m\u00e1rcius 18-\u00e1n egy \u00f6ttev\u00e9nyi csal\u00e1dnak 8 csomag (f\u00e9l \u00e9vre elegend\u0151) pelenkacsomagot adtunk \u00e1t.<\/li><li>2022. \u00e1prilis 15-\u00e9n (h\u00fasv\u00e9t) 540 kg tart\u00f3s \u00e9lelmiszert gy\u0171jt\u00f6tt\u00fcnk \u00e9s osztottunk ki 5 telep\u00fcl\u00e9sen 32 csal\u00e1dnak: 9 csal\u00e1d Abda, 6 csal\u00e1d Ikr\u00e9ny, 10 csal\u00e1d \u00d6ttev\u00e9ny, 3 csal\u00e1d B\u00f6rcs, 4 csal\u00e1d Kunsziget. (\u00f6t egyh\u00e1zk\u00f6zs\u00e9g h\u00fasv\u00e9ti gy\u0171jt\u00e9se).<\/li><li>2022. \u00e1prilis 21-\u00e9n 120 kg \u00e9lelmiszeradom\u00e1nyt \u00e9s tiszt\u00e1lkod\u00e1si anyagokat adtam \u00e1t B\u00f6rcs erdei iskol\u00e1ban elsz\u00e1ll\u00e1solt ukr\u00e1n csal\u00e1doknak.<\/li><li>2022. \u00e1prilis h\u00f3 folyam\u00e1n \u00fcgyeletet tartottunk (Kir\u00e1ly P\u00e9ter kar.vez 15 alkalommal \u00e9s 5 f\u0151 \u00f6ttev\u00e9nyi lakos 10 alkalommal) 4-4 \u00f3r\u00e1s v\u00e1lt\u00e1sokban a gy\u0151ri vas\u00fat\u00e1llom\u00e1s el\u0151tt elhelyezett kont\u00e9nerekben seg\u00edt\u0151 pontokon.<\/li><li>2022. m\u00e1jus 12-\u00e9n 18 kg \u00e9lelmiszer csomagot \u00e9s 5 csomag pelenk\u00e1t, t\u00f6rl\u0151kend\u0151ket, tiszt\u00e1lkod\u00e1si anyagokat adtam \u00e1t egy \u00d6ttev\u00e9nyen elsz\u00e1ll\u00e1solt 3 gyermekes csal\u00e1dnak.<\/li><li>2022. m\u00e1jus h\u00f3nap folyam\u00e1n 4 napon-\u00e1t seg\u00edt\u0151 villanyszerel\u00e9si munk\u00e1t v\u00e9geztem az egyh\u00e1zmegyei Karit\u00e1sz k\u00f6zpontj\u00e1ban (Gy\u0151r Kand\u00f3 K\u00e1lm\u00e1n u.)<\/li><li>2022. j\u00fanius h\u00f3napban k\u00e9t csal\u00e1dnak 5-5 pelenkacsomaggal \u00e9s \u00e9lelmiszeradom\u00e1nnyal seg\u00edtett\u00fck mindennapjaikat.<\/li><li>Az eg\u00e9sz \u00e9v folyam\u00e1n egy volt \u00f6ttev\u00e9nyi lakost k\u00e9thetente megl\u00e1togatok egy Gy\u0151r\u00fajbar\u00e1ti id\u0151sek otthon\u00e1ban (bev\u00e1s\u00e1rl\u00e1s, \u00fcgyint\u00e9z\u00e9s, gy\u00f3gyszer)<\/li><li>2022. augusztus h\u00f3napban 5 pelenkacsomagot \u00e9s t\u00f6rl\u0151kend\u0151 csomagot adtam \u00e1t a t\u00e1mogatott 3 gyermekes csal\u00e1dnak.<\/li><li>2022. november\u00e9ben 4 pelenkacsomagot \u00e9s t\u00f6rl\u0151kend\u0151t adtunk az el\u0151z\u0151ekben t\u00e1mogatott \u00f6ttev\u00e9nyi csal\u00e1dnak.<\/li><li>2022. december 21-\u00e9n (kar\u00e1csony) 29 csal\u00e1d kapott \u00e9lelmiszeradom\u00e1nyt (300 kg) \u00f6t telep\u00fcl\u00e9sen, Abda 6, Ikr\u00e9ny 7, \u00d6ttev\u00e9ny 9, B\u00f6rcs 5, Kunsziget 2 csal\u00e1d (\u00f6t egyh\u00e1zk\u00f6zs\u00e9g gy\u0171jt\u00e9se).<\/li><li>2022. december 21-\u00e9n 3 abdai csal\u00e1d kapott 15.000-15.000 Ft-ot felaj\u00e1nl\u00e1sb\u00f3l.<\/li><li>2022. december 21-\u00e9n 5000 Ft-os felaj\u00e1nl\u00e1ssal t\u00e1mogattuk egy volt \u00f6ttev\u00e9nyi beteg kisgyermeket.<\/li><\/ul>\n\n\n\n<p><\/p>\n\n\n\n<p><em>\u00d6ttev\u00e9ny, 2022. december 22. <\/em><\/p>\n\n\n\n<p class=\"has-text-align-right\">Kir\u00e1ly P\u00e9ter karit\u00e1sz vez.<\/p>\n","protected":false},"excerpt":{"rendered":"<li>2022. m\u00e1rcius 18-\u00e1n egy \u00f6ttev\u00e9nyi csal\u00e1dnak 8 csomag (f\u00e9l \u00e9vre elegend\u0151) pelenkacsomagot adtunk \u00e1t.<\/li>\n<li>2022. \u00e1prilis 15-\u00e9n (h\u00fasv\u00e9t) 540 kg tart\u00f3s \u00e9lelmiszert gy\u0171jt\u00f6tt\u00fcnk \u00e9s osztottunk ki 5 telep\u00fcl\u00e9sen 32 csal\u00e1dnak: 9 csal\u00e1d Abda, 6 csal\u00e1d Ikr\u00e9ny, 10 csal\u00e1d \u00d6ttev\u00e9ny, 3 csal\u00e1d B\u00f6rcs, 4 csal\u00e1d Kunsziget. (\u00f6t egyh\u00e1zk\u00f6zs\u00e9g h\u00fasv\u00e9ti gy\u0171jt\u00e9se).<\/li>\n<li>2022. \u00e1prilis 21-\u00e9n 120 kg \u00e9lelmiszeradom\u00e1nyt \u00e9s tiszt\u00e1lkod\u00e1si &hellip;\n<p><a class=\"more-link btn\" href=\"https:\/\/otteveny.plebania.hu\/index.php\/karitasz\/beszamolo-a-2022-evrol\/\">Olvass tov\u00e1bb<\/a><\/p>\n<\/li>\n","protected":false},"author":1,"featured_media":0,"parent":1123,"menu_order":10,"comment_status":"closed","ping_status":"closed","template":"","meta":[],"_links":{"self":[{"href":"https:\/\/otteveny.plebania.hu\/index.php\/wp-json\/wp\/v2\/pages\/5474"}],"collection":[{"href":"https:\/\/otteveny.plebania.hu\/index.php\/wp-json\/wp\/v2\/pages"}],"about":[{"href":"https:\/\/otteveny.plebania.hu\/index.php\/wp-json\/wp\/v2\/types\/page"}],"author":[{"embeddable":true,"href":"https:\/\/otteveny.plebania.hu\/index.php\/wp-json\/wp\/v2\/users\/1"}],"replies":[{"embeddable":true,"href":"https:\/\/otteveny.plebania.hu\/index.php\/wp-json\/wp\/v2\/comments?post=5474"}],"version-history":[{"count":3,"href":"https:\/\/otteveny.plebania.hu\/index.php\/wp-json\/wp\/v2\/pages\/5474\/revisions"}],"predecessor-version":[{"id":5479,"href":"https:\/\/otteveny.plebania.hu\/index.php\/wp-json\/wp\/v2\/pages\/5474\/revisions\/5479"}],"up":[{"embeddable":true,"href":"https:\/\/otteveny.plebania.hu\/index.php\/wp-json\/wp\/v2\/pages\/1123"}],"wp:attachment":[{"href":"https:\/\/otteveny.plebania.hu\/index.php\/wp-json\/wp\/v2\/media?parent=5474"}],"curies":[{"name":"wp","href":"https:\/\/api.w.org\/{rel}","templated":true}]}}